what is -4 + -11?
-15
In base 15, what is 4 - 23d?
-239
In base 11, what is -116 - -26?
-a0
In base 14, what is 4 + b?
11
In base 3, what is -1 + 100000100?
100000022
In base 10, what is -308 + 4?
-304
In base 4, what is -12 - -123303?
123231
In base 16, what is -108 - a?
-112
In base 14, what is a - -83?
8d
In base 7, what is -1 + 2016?
2015
In base 15, what is 4d - -8?
56
In base 4, what is 3 + -1232011?
-1232002
In base 6, what is 4 - -105?
113
In base 15, what is -2 - 3?
-5
In base 10, what is -8 + 106?
98
In base 6, what is 1241 + 2?
1243
In base 5, what is -1020440 + -10?
-1021000
In base 12, what is 3a - -12?
50
In base 6, what is -2 + -240?
-242
In base 4, what is 121 + -332?
-211
In base 9, what is 46 - -65?
122
In base 3, what is 1211 - 2?
1202
In base 15, what is -3ea + 5?
-3e5
In base 2, what is -100001010001 + -10?
-100001010011
In base 9, what is -17 - 260?
-277
In base 3, what is -1 - -22211?
22210
In base 8, what is -1540 + 2?
-1536
In base 9, what is -275 + 2?
-273
In base 7, what is -24501 + 0?
-24501
In base 13, what is 985 - 0?
985
In base 6, what is -413 - 4?
-421
In base 9, what is -2186 + -5?
-2202
In base 6, what is 13 + -44?
-31
In base 6, what is -4 + -11554?
-12002
In base 11, what is -10a + -41?
-150
In base 9, what is -4 - -16?
12
In base 8, what is 7 - -1467?
1476
In base 2, what is 110100011101 + 1?
110100011110
In base 7, what is -135 - -2?
-133
In base 10, what is 1 - -194?
195
In base 7, what is -3 - -6?
3
In base 16, what is a6 + 3?
a9
In base 7, what is -6 - 322?
-331
In base 9, what is 22 - 0?
22
In base 14, what is 58 + -2?
56
In base 14, what is -15 + -3?
-18
In base 12, what is 579 - -1?
57a
In base 12, what is -1 - -2065?
2064
In base 13, what is -1 + 4?
3
In base 3, what is 2200101222 + 10?
2200102002
In base 5, what is -3 + -2414?
-2422
In base 16, what is 5 + 9ef?
9f4
In base 2, what is 11 + 1010010001?
1010010100
In base 11, what is -13 - -83?
70
In base 8, what is -676 + 1?
-675
In base 6, what is -5 + -4?
-13
In base 16, what is 2 + 43a?
43c
In base 3, what is -1112 + -10?
-1122
In base 6, what is -5110 - -5?
-5101
In base 6, what is -4 + -120?
-124
In base 4, what is -320310 - -1?
-320303
In base 7, what is -2 + -2325?
-2330
In base 13, what is -3a - -2?
-38
In base 11, what is 40 - 2?
39
In base 12, what is -5 - 2a7?
-2b0
In base 14, what is 1 + 322?
323
In base 12, what is -1464 - -1?
-1463
In base 16, what is 297 + d?
2a4
In base 11, what is 18 - -4?
21
In base 13, what is 8 - 551?
-546
In base 9, what is 4 + -4542?
-4537
In base 16, what is 7 + -38?
-31
In base 4, what is 110102 + -1?
110101
In base 5, what is 10 + 11130?
11140
In base 3, what is 12 + -211?
-122
In base 16, what is e8 - -3?
eb
In base 16, what is -42 + -6?
-48
In base 6, what is -423 + -3?
-430
In base 9, what is 8 + 201?
210
In base 14, what is 118 + 4?
11c
In base 10, what is 2 - 185?
-183
In base 2, what is -111 + -10010?
-11001
In base 2, what is -11 + 11100?
11001
In base 16, what is 468 + -2?
466
In base 9, what is -1 - -74?
73
In base 12, what is -14 + 12?
-2
In base 5, what is 42101 - 0?
42101
In base 10, what is -342 + -2?
-344
In base 6, what is -21 - -1055?
1034
In base 10, what is -170 + 2?
-168
In base 13, what is b4 + -1?
b3
In base 16, what is -3b9 + 2?
-3b7
In base 16, what is 4 + 133?
137
In base 5, what is -1 - -1322?
1321
In base 9, what is -11 - -280?
268
In base 6, what is -20020 - 3?
-20023
In base 2, what is -101 + 10011101110?
10011101001
In base 6, what is -21 + -14452?
-14513
In base 14, what is 157a - 1?
1579
In base 3, what is 1220 - 11110?
-2120
In base 10, what is 248 + 5?
253
In base 9, what is 106 + -146?
-40
In base 11, what is 6 + 3a?
45
In base 9, what is -2 + -4648?
-4651
In base 13, what is -22 - 9?
-2b
In base 12, what is 25 - -24?
49
In base 3, what is 211200 - -11?
211211
In base 2, what is 1 - -100?
101
In base 12, what is a0 + 3?
a3
In base 6, what is -111315 + 3?
-111312
In base 13, what is 17 + -6?
11
In base 7, what is 3640 - 1?
3636
In base 13, what is -18 + -87?
-a2
In base 3, what is -100 - -201?
101
In base 11, what is -1 - 54?
-55
In base 16, what is -13f - -2?
-13d
In base 3, what is 1110 - 100120?
-22010
In base 7, what is 1542 + -13?
1526
In base 15, what is 4 + -7c?
-78
In base 8, what is 11 + -45?
-34
In base 6, what is 4 - 1024?
-1020
In base 10, what is -168 - 4?
-172
In base 10, what is -2 - 13?
-15
In base 2, what is 100111010110 - -10?
100111011000
In base 9, what is 2 + -10108?
-10106
In base 3, what is 0 + 222002?
222002
In base 14, what is 207 - 5?
202
In base 12, what is 11 + 10?
21
In base 6, what is -2 - 42?
-44
In base 13, what is -36 + -74?
-aa
In base 7, what is -243 - -4?
-236
In base 12, what is 0 - 120?
-120
In base 5, what is 244 + 314?
1113
In base 15, what is -4 - -717?
713
In base 6, what is -21 - 131?
-152
In base 15, what is 22 - -c?
2e
In base 7, what is 4 + 1150?
1154
In base 8, what is -43 + 13?
-30
In base 8, what is 2223 + -4?
2217
In base 16, what is -2d - 2?
-2f
In base 13, what is -4 - -1b0?
1a9
In base 4, what is -10303 - -10?
-10233
In base 13, what is b + -21?
-13
In base 7, what is 6 + 565?
604
In base 8, what is -1 + -103?
-104
In base 6, what is -5144 - -2?
-5142
In base 9, what is 1 - -2128?
2130
In base 15, what is -5 - 18?
-1d
In base 12, what is 2 - -105?
107
In base 2, what is -11 - -1010111000?
1010110101
In base 14, what is -9 + 10?
5
In base 5, what is -1133444 - 0?
-1133444
In base 11, what is -5 - 294?
-299
In base 13, what is -4 + -1721?
-1725
In base 6, what is 11 - -24?
35
In base 6, what is -2 - 100?
-102
In base 11, what is 1951 - 5?
1947
In base 2, what is 100000110 - 1011010?
10101100
In base 13, what is 1b + 3b?
59
In base 10, what is 327 - 2?
325
In base 10, what is 2 + 432?
434
In base 8, what is 12 + -5?
5
In base 16, what is a - -3e?
48
In base 14, what is -2 - -17?
15
In base 8, what is 3 + 2051?
2054
In base 14, what is 13 + 1?
14
In base 13, what is 0 + 14?
14
In base 2, what is 10 + 1010110?
1011000
In base 14, what is 0 - 2761?
-2761
In base 6, what is -2 + -14?
-20
In base 10, what is -5 + -25?
-30
In base 11, what is 4a - 5?
45
In base 15, what is 51 - -30?
81
In base 10, what is 1 + 2212?
2213
In base 2, what is -1 - -101001111001?
101001111000
In base 8, what is -6016 + 4?
-6012
In base 6, what is 4301 - -3?
4304
In base 9, what is -1 - -3522?
3521
In base 8, what is 666 + -4?
662
In base 15, what is b90 + -4?
b8b
In base 16, what is -2 + 18?
16
In base 5, what is 10 + -123133?
-123123
In base 6, what is 21 + 42?
103
In base 4, what is 200 + 221?
1021
In base 5, what is -112 - -10314?
10202
In base 6, what is -4 + -203?
-211
In base 13, what is 309 + -b?
2cb
In base 12, what is 1b - -26?
45
In base 13, what is 5a0 + 4?
5a4
In base 10, what is 27 + -3?
24
In base 14, what is -1 - 7d?
-80
In base 7, what is -2066 - -5?
-2061
In base 7, what is 1 - 1431?
-1430
In base 15, what is 5 + -1e5?
-1e0
In base 10, what is -51 - -337?
286
In base 2, what is 11 - 111010?
-110111
In base 5, what is -122 - 221?
-343
In base 11, what is 1365 + -11?
1354
In base 8, what is 2402 + -6?
2374
In base 2, what is 100011 + 101111?
1010010
In base 16, what is 8f - -3?
92
In base 4, what is -12033 - 3?
-12102
In base 11, what is -5 + 61?
57
In base 15, what is -e - 7?
-16
In base 6, what is -1 + -14?
-15
In base 2, what is 10010 + -1010010?
-1000000
In base 5, what is 0 - -421?
421
In base 8, what is -161 + -2?
-163
In base 16, what is 5 - 145?
-140
In base 2, what is 11 + -10100011?
-10100000
In base 8, what is 23662 - 2?
23660
In base 15, what is 20 - -5?
25
In base 12, what is 2 + -3349?
-3347
In base 15, what is -ab - 3?
-ae
In base 5, what is -304 + -3?
-312
In base 15, what is 4 + 69?
6d
In base 9, what is -1 + -1336?
-1337
In base 9, what is -7 + -34?
-42
In base 16, what is -1 + 329?
328
In base 6, what is 5550 + -3?
5543
In base 7, what is -2315 - 3?
-2321
In base 15, what is 2b + 5?
31
In base 5, what is 202 + -430?
-223
In base 9, what is -11 - -42?
31
In base 3, what is -112 + 210?
21
In base 4, what is -10 - -1?
-3
In base 14, what is -22a - -13?
-217
In base 8, what is -73 + 6?
-65
In base 16, what is 876 + 1?
877
In base 3, what is -220 + -22?
-1012
In base 9, what is 5283 - -2?
5285
In base 4, what is -23123 +